 - 2*w(o). Let g be 51/(-15) - 4/(-10). Determine a(g).
-11
Suppose 2*f + 2*n - 22 = 0, -5*f - 32 + 82 = 4*n. Let b(c) = -c**3 + 4*c**2 + 6*c + 13. Give b(f).
-23
Let s(j) = 0*j - 4*j**2 - 3 + 0 - 6*j - j**3 - 2 + 5*j. Suppose 4*r + 3*q + 36 = 0, -q + 28 = -4*r - 2*q. Let a be (9/r)/(12/32). Calculate s(a).
-1
Let b(j) = j - 3. Suppose 0 = -31*n + 129*n + 1372. Determine b(n).
-17
Let o(w) = -16*w**2. Suppose 6*q + 22 - 4 = 0. Let z(v) be the third derivative of -v**4/24 - v**3/3 - 3*v**2. Let p be z(q). Give o(p).
-16
Let g(z) = 6*z + 110. Let d be g(-16). Let f(o) = -o**2 + 10*o + 65. Let p be f(d). Let m(w) = w**2 - 9*w - 11. Give m(p).
-11
Suppose -299 = -6*z - 35. Let j = -41 + z. Let k(x) = 11*x**2 + 4*x + x**j + 3 - 11*x**2 + 2*x**2. Give k(-2).
-5
Let d(z) = -13*z + 28. Let x(a) = -2*a**2 + 43*a - 145. Let t be x(4). What is d(t)?
93
Suppose 8*m = 3*m + 50. Let b(f) be the third derivative of f**4/24 - 3*f**3/2 - 45860*f**2. Give b(m).
1
Suppose 0 = 5*f + 3*u - 324, 0 = -f - 0*f - 3*u + 72. Let l = f + -60. Let p(y) = 6 - l*y - 6*y + 8*y. Calculate p(-6).
12
Let n(i) = -6*i**2 - 2. Suppose 11*w - 23*w = -324. Suppose -2*x - 8 + w = -3*h, -3*x + 3*h = -21. Determine n(x).
-26
Let i(w) = -w. Let b(s) = 2*s - 3. Let u(p) = 5*p**2 + p. Let j be u(1). Let a(o) = j*i(o) + b(o). Let k = -220 + 216. What is a(k)?
13
Suppose 24 - 248 = -14*x. Let a(z) = x*z + 6 - 9*z + 0*z + 0. Determine a(-6).
-36
Let w(g) = g**3 + 12*g**2 + 12*g + 3. Let n = 154 - 151. Suppose -3*v - 37 = -2*a - 0, 0 = -v - n*a - 5. Determine w(v).
-8
Let k be (-315)/(-90) + (-5)/10. Let z(m) = 8*m**2 + m + m - 10*m**2 + 4. Give z(k).
-8
Let z(w) be the second derivative of w**4/6 - 5*w**3/3 - 2*w**2 - 1020*w. Give z(5).
-4
Let o = 73 + -69. Let c(x) = -16*x**3 - 5*x**2 + 5*x + 8. Let v(q) = 7*q**3 + 2*q**2 - 2*q - 4. Let s(u) = o*c(u) + 9*v(u). What is s(-3)?
-1
Suppose -5*f + 44 = -4*c, -4*c + 46 = 4*f + 18. Let b(n) = 9*n**2 - 2*n**2 + 6 + 11*n - n**3 + n - 4*n. What is b(f)?
6
Let s(k) = k**3 + 25*k**2 - 29*k - 93. Suppose 26*q + 573 - 289 = -392. Determine s(q).
-15
Let c(v) be the third derivative of v**7/840 + v**6/72 - v**4/12 - 17*v**3/3 - v**2. Let a(f) be the first derivative of c(f). Calculate a(-5).
-2
Suppose 0 = -9*d + 6*d + 12. Suppose 0 = -3*h + 4*h, -d*h = -4*k + 16. Suppose -11*b - 14 = -k*b. Let s(x) = -x**3 + 2. Give s(b).
10
Let l(u) = 4*u - 24*u**3 + 2*u**2 - 6 + 53*u**3 + 16*u**2 - 28*u**3 + 2*u. Determine l(-18).
-114
Let c(t) = 2*t - 1 + 37*t**2 - 32*t**2 + 0*t - 6*t**2. Determine c(0).
-1
Let q(g) = -27*g + 4*g + 55 - 147 + 50 + 61. Determine q(1).
-4
Let o(z) = -z**2 - 24*z - 49. Suppose 0 = -2*q + 2*l - 28, q + 3*l = -4*q - 118. Give o(q).
31
Suppose 4*i = 0, 3*r - 17*i + 18*i = -6. Let q(a) be the second derivative of -3/20*a**5 - 1/4*a**4 - 1/3*a**3 - 3/2*a**2 + 0 - 2*a. What is q(r)?
13
Let w(s) = s**3 + 3*s**2 + s - 10. Suppose -861 = 104*x + 216*x + 739. Determine w(x).
-65
Let u(h) be the third derivative of -h**4/12 + h**2. Let j(d) = d**3 - 48*d**2 + 244*d - 1252. Let v be j(43). What is u(v)?
10
Let x(w) = 5*w**3 + 3*w**2 - w - 3. Let l(a) = -2*a**3 + 2*a + 1. Let i(f) = 2*l(f) + x(f). Let u be -6*(4 + 28/(-8)). Give i(u).
-10
Suppose -2*k = -k - 4. Suppose -3*j - 2*z = -11, 4*z = 2*z - 4. Let f(c) = -4*c**2 + j*c + 3*c**2 - 13*c + 10*c. Determine f(k).
-8
Let q = -2144 + 2147. Let a(n) = -3*n**3 + 5*n**2 - n - 4. What is a(q)?
-43
Let y(m) = -m**3 - 66*m**2 - 3*m - 204. Suppose 4*q - 31 - 31 = z, -203 = 3*z + 5*q. Calculate y(z).
-6
Suppose 3*x + 169 = -62. Let v be x/44*12/(-1). Let u(r) = r**2 + v*r + r**2 - r**2 - 23*r + 3. What is u(3)?
6
Let i(u) = 0 - 4 + 0*u - 3*u. Let g be (4529/(-2588))/((-14)/32). Calculate i(g).
-16
Let s(v) = v + 2. Let d(h) = -5 - 2*h - 2 + 4. Let r(b) = -2*d(b) - 5*s(b). Calculate r(-3).
-1
Let t(u) = -5*u**2 - 4*u - 1. Let p(b) = -1 + 2*b - 10*b**2 - 11*b - 2*b**3 + 3*b**3. Let q(j) = 2*p(j) - 5*t(j). Determine q(-2).
3
Let l(o) = 34 + 148 + 22 - 36 + 7*o. Calculate l(-24).
0
Let l be (3*17/(-408))/((-1)/40). Let p(d) = -d**3 + 5*d**2 + 2. Determine p(l).
2
Let x(m) = m**3 - 9*m**2 - 11*m + 18. Let j be x(10). Suppose i - j = -7. Let r(c) = 2*c. Determine r(i).
2
Let h(d) be the third derivative of -d**5/30 + 11*d**4/12 - 6*d**3 - 1689*d**2. What is h(7)?
20
Let i(z) = 16 + 7 - 23 - 31*z**2 + 14*z - 13*z. Calculate i(-1).
-32
Let s(v) be the first derivative of -8*v**2 - 117*v - 2294. Give s(-9).
27
Let o(k) = -12*k**2 - 2*k + 3. Let n(b) = 5*b - 37*b**2 - 8 + 61*b**2 + 1. Let h(j) = 2*n(j) + 5*o(j). Suppose 3*f - 5 = 2*d, 0*d + 8 = -2*d. Determine h(f).
-11
Let x(w) = -1. Let a(u) = u + 11. Let z(q) = a(q) + 5*x(q). Let s be (-2 - -10)*3*-1. Let b(d) = -d - 30. Let m be b(s). Calculate z(m).
0
Suppose 0 = -j + 2*l + 11, -168*j + 156*j + 3*l = -6. Let d(r) be the third derivative of r**6/4 + r**5/60 + r**4/12 + r**3/6 + r**2. Give d(j).
-30
Let o be 8/7*1/2*2191/939. Let p(h) be the third derivative of -1/60*h**5 + o*h**3 + 0*h - 5/24*h**4 + 0 + 20*h**2. Give p(-7).
-6
Let g(x) = -14*x + 357. Suppose 1296 + 1004 = 92*a. Calculate g(a).
7
Let j(x) = -4 - 6 + x + 2 + x + 2. Suppose -14*q + 16 = -10*q. What is j(q)?
2
Let x(k) = -3936*k**2 - 3822*k**2 + 7768*k**2 - k**3 - 2*k + 19. Calculate x(10).
-1
Let b(j) = -j**2 + 3*j**3 + j - 2*j**3 + 8 + 0*j**3. Let s(u) = -8*u**2 + 201*u + 644. Let a be s(28). Determine b(a).
8
Let r(x) = -2*x**3 + 9*x**2 + 10*x - 16. Let v(d) = -2*d**3 + 20*d**2 + 15*d + 82. Let s be v(11). Give r(s).
9
Suppose 0 = -10*b + 5*b - 2*n + 16, 0 = 2*b + n - 5. Let g(s) be the second derivative of s**3/3 + 3*s**2/2 + 3*s. What is g(b)?
15
Let s(c) = -c**2 + 4*c. Let j(v) be the third derivative of -v**6/120 + v**5/6 + 7*v**4/6 - 15*v**3/2 + 129*v**2. Let l be j(12). What is s(l)?
3
Let w(l) = 37*l**2 + 3*l - 26. Let n(g) = 3*g**2 - 2*g - 2. Let p(z) = 13*n(z) - w(z). Calculate p(15).
15
Let g(y) = -30*y - 119106 + 59574 - 11*y**2 + 59556 + y**3. Calculate g(13).
-28
Suppose 0 = -3*x - 2 - 1. Let o be (x + -1)/(1 + 1). Let g(c) = -1476. Let a(t) = -t - 1312. Let q(i) = 9*a(i) - 8*g(i). Determine q(o).
9
Let f = -466 - -482. Suppose 0 = -q - 3, -3*c + 5*q - f = -52. Let m(u) = -u + 6. What is m(c)?
-1
Let y(n) be the second derivative of 7*n**3/2 + 313*n**2/2 - 1327*n. Calculate y(-15).
-2
Let s(g) = -2*g + 40. Let h be s(13). Suppose 2*w = -i + 6*i + h, w + 2*i + 2 = 0. Suppose 96*j - w = 98*j. Let c(p) = 2*p**3 + p + 1. What is c(j)?
-2
Let o(i) = 67*i + 19. Let h(z) = -15*z - 5. Let j(c) = 9*h(c) + 2*o(c). What is j(0)?
-7
Let c(i) be the third derivative of 5*i**4/24 - 31*i**3/6 - 2*i**2 - 42. Give c(9).
14
Let v(z) = -81*z - 57. Let h(y) be the third derivative of 5*y**4/12 + 7*y**3/6 + 5*y**2 + 9. Let d(n) = 33*h(n) + 4*v(n). Calculate d(-3).
-15
Let m = -442 - -458. Suppose -m*h - 12 + 92 = 0. Let v(c) = c**3 - 4*c**2 - 3*c + 7. Give v(h).
17
Let z be (2/15)/(41/615). Let a(x) = x**3 - 5*x - 2 + 2138*x**2 + z*x - 2*x - 2134*x**2. Suppose 34 = -5*y + 9. Determine a(y).
-2
Let l(k) = 9*k**3 - 2*k**2 - 13*k + 18. Let a(x) = 11*x**3 - 2*x**2 - 15*x + 20. Let s(f) = 5*a(f) - 6*l(f). What is s(4)?
100
Let k(p) = -2*p + 2. Let n(u) = -64*u + 120. Let r(v) = 72*k(v) - 2*n(v). Calculate r(-6).
0
Let n(z) be the first derivative of -5*z**2/2 + 30*z - 4239. Determine n(6).
0
Suppose 36*x - 39*x = 0. Suppose -9*z + 13*z - l + 32 = 0, -4*z - l - 24 = x. Let g(i) = -i + 6. Give g(z).
13
Let z be 2 - (-150)/42 - 16/(1344/(-36)). Let n(w) = -3*w**2 + 19*w - 5. Determine n(z).
1
Let z(a) = 3*a**3 + 3*a**2 + 3*a + 3. Suppose 15*t = 147 - 177. What is z(t)?
-15
Let l(u) = u - 9. Let z(i) = -4*i + 58. Let f be z(9). Suppose -3*m + 4*d + 25 = 0, -4*d - f = -0*m - 2*m. What is l(m)?
-6
Let b(s) = 37*s + 2. Let c(p) = -19*p - 1. Let n(k) = 6*b(k) + 11*c(k). Let f(v) = -41 + 3*v + 28 + 13. Let x(h) = -9*f(h) + 2*n(h). What is x(-10)?
12
Let i = -269 - -277. Let v(b) = 15*b**3 - b**2 + 4*b + 8. Let o(x) = -13*x**3 + 2*x**2 - 4*x - 6. Let t(f) = 7*o(f) + 6*v(f). What is t(i)?
-26
Suppose -2*w - 3*w + 5*w = -6*w. Let r(q) be the third derivative of w - 5/24*q**4 + 1/60*q**5 + 15*q**2 + 7/6*q**3 + 0*q. Determine r(5).
7
Let a(g) = g**2 + 6*g + 4. Suppose 5*l = 20, l - 4 = -2*v + 4*v. Suppose v = 6*q + 24 +